
Let t = 77 - -11. What is the units digit of t?
8
What is the units digit of (36/(-10))/(4/(-10))?
9
Let g be (0 - -8)*(2 + -1). Let u = g + -3. Suppose 0 = 2*w + 3*q - 14 - 13, 4*w = -u*q + 49. What is the units digit of w?
6
Suppose 5*b - 319 = -2*m, 2*b - 114 = 2*m + 8. What is the tens digit of b?
6
Let i = 2 - -1. Suppose -y - 56 = i*y. What is the units digit of (4/7)/((-4)/y)?
2
Let i = -8 - -20. Suppose -i = 5*d - 32. Suppose 2*t + 4*h + 2 = -0*t, -3*t + d*h + 27 = 0. What is the units digit of t?
5
Let s = -8 - -15. Suppose 0 = -6*i + s*i - 12. What is the tens digit of i?
1
Suppose 3*q = 2*q + 22. Suppose 0 = 2*x - 4*z - 8 - q, -4*z - 99 = -5*x. Let y = 32 - x. What is the units digit of y?
9
Suppose 5*h = 3*a - 35, -5*a + 25 = -4*a - 5*h. Suppose -2*m + 8 = a*t, 3*t - 21 = -2*m - m. What is the units digit of m?
9
Let i(j) = 8*j**2 + j - 3. Let p be i(3). Let c = p - 130. What is the units digit of 2/(-3) + c/(-6)?
9
Let z = 3 + -4. What is the units digit of 3*2*(5 + z)?
4
Let c be (-12 + 3 + 1)/(-2). Let t(y) = y**2 - y - 2. What is the units digit of t(c)?
0
Suppose -136 = 12*d - 16*d. What is the units digit of d?
4
Let n(v) = v**2 - 4*v + 2. Let o be n(5). Let q be 15/7 + (-1)/o. Suppose -q*u = u - 45. What is the tens digit of u?
1
What is the units digit of (0 + 8/(-10))*-45?
6
Suppose 7 = -4*y - 13, 10 = -3*z - 5*y. Suppose -10*s = -z*s - 125. What is the units digit of s?
5
Let g = -68 + 97. What is the units digit of g?
9
Let p = -4 - -5. Let h be p + (-3)/(6/(-8)). Suppose 14 = 2*f - 5*v, -7 = -h*f + 2*v + 7. What is the units digit of f?
2
Let r = 89 - 81. What is the units digit of r?
8
Suppose -119 = -3*d - 23. What is the units digit of (1/2)/(2/d)?
8
Suppose -5*v + n - 5*n = -19, 5 = 5*n. Suppose -3*y = b - 33, -v*b + 74 = 7*y - 3*y. What is the units digit of b?
8
Let b = 39 - -37. What is the tens digit of b?
7
Suppose -d + 976 = 3*z, 3 = 4*d - 1. Let j be 4/18 - z/45. Let q = 14 + j. What is the units digit of q?
7
Let u = -9 - -13. Suppose -2*q + g = -3, -u*q - 2*g + 10 = -0*g. Suppose -q*v + 4*x = -20, x + 19 = -2*v + 6*v. What is the units digit of v?
4
Suppose -4*n + 30 = n. What is the units digit of n?
6
Suppose -5*t - 4 = 4*p - 37, 0 = 4*t + 5*p - 30. Let i = t + -3. Suppose -9 = s - 4*b + i, 3*s = -2*b + 23. What is the units digit of s?
5
Let w = 23 + -29. What is the units digit of ((-4)/w)/(3/9)?
2
Suppose -5*q = -p + 1 + 23, 3*q + 2*p = -17. Let t(c) = 2 - 2 + 1 - 2*c. What is the units digit of t(q)?
1
Let t(u) = -u**3 + 7*u**2 + 6*u + 3. Let x be t(8). Let i(n) = n**2 + n + 3. Let c be i(0). What is the units digit of c/(-6) - x/2?
6
Suppose -2*r - 180 = -5*r. What is the units digit of r?
0
Let z = -6 + 9. Suppose -24 = -2*d - 4*r - 2, z*d = -5*r + 31. What is the units digit of d?
7
Suppose 0 = h - 6*h + 2*b + 20, 4*b + 26 = 3*h. Suppose p = h*j - 11 - 30, p - 13 = -j. What is the tens digit of j?
1
What is the units digit of (-20)/15*(-10 - 2)?
6
What is the units digit of ((-7)/(-2))/((-3)/(-2) - 1)?
7
Let b(d) = 16*d - 9. What is the tens digit of b(6)?
8
Let f(c) be the second derivative of c**5/20 + 7*c**4/6 + 7*c**3/3 + 7*c**2 - 2*c. Let a be (22 - -4)/((-4)/2). What is the units digit of f(a)?
1
Let w be (4/6)/((-3)/9). What is the units digit of 32/20*(-35)/w?
8
Let w(p) = p + 4. Let y be w(-5). Let h = y - -3. What is the units digit of ((-2)/1)/(h/(-3))?
3
What is the units digit of (-1)/((-2)/6) - -58?
1
Suppose -4*s + 12 = -s. Suppose -5*b + 0*b = -s*t - 45, -2*b = 4*t + 10. What is the units digit of b?
5
Let u = 854 + -449. What is the hundreds digit of u?
4
What is the tens digit of 307/5 + (-6)/15?
6
Let i = -3 - -6. Suppose -2*m + 6 + 1 = i*d, d = -2*m + 1. Let v = 7 - m. What is the units digit of v?
8
Suppose 5*b = -3*v + 56, v = -v - b + 49. What is the tens digit of v?
2
Let r(w) = w + 1. Let g(f) = f + 1. Suppose 0 = -s + 4*t + t - 21, 4*s - 2*t + 30 = 0. Let n(j) = s*r(j) + 2*g(j). What is the units digit of n(-5)?
6
Suppose 4*f - 2*f + 30 = 0. Let u = 4 + f. Let q = u + 18. What is the units digit of q?
7
Suppose 4*k - 53 = -m, k = -4*m - 0*k + 152. What is the units digit of m?
7
Suppose 12*l - 70 = 698. What is the tens digit of l?
6
Let n(r) be the first derivative of r**4/4 + 2*r**3 + r**2 + 2. Let s be n(-5). Suppose -u + s = 4*u. What is the units digit of u?
3
Let y(o) = o**3 - o**2 + 2*o. Let g = 17 + -15. What is the units digit of y(g)?
8
Let h = 156 + 10. What is the tens digit of h?
6
Suppose -29 = 10*f - 99. What is the units digit of f?
7
Suppose -16*p - 282 = -22*p. What is the tens digit of p?
4
Let g(q) = -q**3 + 4*q**2 + 2. Let n be g(4). Suppose 4*o - s = -3*s + 42, 3*o - 28 = n*s. Let d = o + -8. What is the units digit of d?
2
Suppose 2*l - 53 = 9. What is the tens digit of l?
3
Suppose -798 = -5*h - 53. What is the tens digit of h?
4
Let r(b) = 3*b + b - 1 + 0*b - b + 3*b**2. What is the units digit of r(-3)?
7
Suppose z = 3*z - 10. Let f(w) = 5 - w - z*w + 5*w. What is the units digit of f(4)?
1
Let o = 24 + -1. What is the units digit of o?
3
Let u be 0/(3*1/3). Suppose u = 2*h + 3*h - 5. Let y(g) = 9*g**2 - g + 1. What is the units digit of y(h)?
9
Suppose -o + p + 25 = 0, 3*o - 65 = 2*p - p. What is the units digit of o?
0
Let q(b) = b**3 - 13*b**2 + 17*b - 34. What is the tens digit of q(12)?
2
Let r be (2/4)/(1/46). Let c = r - -3. What is the tens digit of c?
2
Suppose -5*j = -2*j + 2*l - 61, 3*l = j - 35. Let x = -2 + j. What is the tens digit of x?
2
Suppose 48 - 12 = -3*n - 4*w, -2*n + 3*w - 24 = 0. What is the units digit of (-346)/(-6) + (-4)/n?
8
Suppose -4 = -2*h - 0*h. Suppose -b - 29 = -h*b. What is the units digit of b?
9
Suppose 0 = 2*u + 2*h - 0*h + 26, -u - 5*h - 5 = 0. Suppose 4*a = -g + 30, 4*g + 0*g - 4*a = 80. Let b = g + u. What is the units digit of b?
7
What is the units digit of 40 - (2/8 + 33/12)?
7
Suppose 4*y = -5*c + 61, -c = -6*y + y + 11. Let o = c - 7. Suppose 0 = 3*b - o*b - 9. What is the units digit of b?
9
Suppose t - 52 = 70. What is the hundreds digit of t?
1
Let k be (2 - 2)/(-2 + 0). Suppose 4*s + 3*i + i - 28 = k, 0 = 3*i - 15. What is the units digit of (-7 - -10)*s/3?
2
What is the units digit of -6*28/(-6) - 2?
6
Let z(x) = -17*x - 3. Let n be z(-2). Suppose 4*o + 3 - n = 0. What is the units digit of o?
7
Suppose 2*i - 3*w = 70, -w - 6 = 2*w. Suppose -2*s + 8 = k, -k = -4*k. Suppose s*n = 4*d + 48, 0*n - n + i = -5*d. What is the units digit of n?
7
Suppose 3*n - 137 = -i, -2*i + 4*n = -i - 172. What is the units digit of i?
2
Suppose -3*c = 2*c. Suppose 4*h - 27 = 3*n, c*h = -5*h - 2*n + 5. Suppose h*i + 18 = 4*i. What is the units digit of i?
8
Let g(m) = m**3 + 12*m**2 - 4*m - 9. Let j be g(-12). Let n = j + -18. What is the units digit of n?
1
Let z(y) be the first derivative of y**5/40 - y**4/24 - 2*y**3/3 + 2. Let m(h) be the third derivative of z(h). What is the units digit of m(1)?
2
Let z(j) = j**3 + 6*j**2 + j + 6. Let u = -6 - 0. Let h be z(u). Let i = h - -9. What is the units digit of i?
9
Let h be 4/6 + 4/3. Let y(x) = 2*x**2 + 1 - 2*x**2 - 2*x + 9*x**3 - 8*x**3. What is the units digit of y(h)?
5
Let t = -8 + 10. Suppose 3*g + 4*i + 9 = 30, g - t*i = -3. What is the units digit of g - 2*(3 + -9)?
5
Let q(m) = 118*m**3 - 2*m**2 + 1. What is the hundreds digit of q(1)?
1
Suppose -2*n + j = -0*n - 44, 2*n = 5*j + 44. Suppose -n = -2*y + 20. What is the units digit of y?
1
Suppose -q - 6 + 19 = 0. Let g(y) = y**3 - 13*y**2 + y - 3. What is the units digit of g(q)?
0
Suppose -2*l = -5*f + 185, 3*l = f + 1 - 38. Let s = f - 10. Let k = 38 - s. What is the tens digit of k?
1
Let p = -11 + 6. Let i = 18 - 9. Let z = p + i. What is the units digit of z?
4
Let k(p) = -6*p**2 - 3*p + 2. Let f be k(2). Let c = -17 - f. What is the units digit of c - (1 + -3 + 5)?
8
Let x(c) = -28*c. Let z be x(-7). Suppose 4*d - z = -4*b, 4*b - d = -6*d + 194. What is the tens digit of b?
5
Suppose -2*q = 3*q + 35. Let c = q - -8. Suppose -3*a + 43 = c. What is the units digit of a?
4
Let m(b) = b**3 + 10*b**2 + 9*b + 4. Let l be m(-9). Suppose 38 = 3*w - 2*i, -w + 0*i + l*i = -16. What is the tens digit of w?
1
Suppose 2301 = 13*l - 1391. What is the hundreds digit of l?
2
Let i(r) = -2*r**3 + r**2 + 2*r - 2. Let